 + 1. Let v(p) = 38*p - 4. Let h(g) = 3*r(g) + v(g). Let n = -1 - 0. What is h(n)?
-3
Let s(h) = -h**3 + 13*h**2 - 13*h + 5. Let q = 7 + 1. Suppose 48 = q*d - 4*d. Determine s(d).
-7
Let g(t) = 19*t - 95. Let q be g(5). Let l(s) = -s**3 - s**2 - 28. Calculate l(q).
-28
Let d(p) = 7*p + 6 + 22 - 28 + 2*p**2. Determine d(-5).
15
Let g(p) = -2*p**2 - 4*p - 1. Let c(v) = -5*v**2 - 12*v - 19. Let f(d) = 11*d**2 + 24*d + 37. Let l(b) = 9*c(b) + 4*f(b). Let w be l(-10). What is g(w)?
-7
Let n(x) = -x + 2. Let l = -1 - 15. Let p be -11 + 3/((-12)/l). Let u be (2/6)/(p/(-84)). Give n(u).
-2
Let a = -547 - -551. Let l(o) be the first derivative of o + 1 - 1/2*o**2. Give l(a).
-3
Let s = 555 + -552. Let f(r) be the second derivative of -8*r + 1/2*r**2 - 1/6*r**s + 0. Calculate f(0).
1
Let a = 8 + -14. Let i(r) = r**3 + 5*r**2 + 3*r - 1. Let l(j) = -2*j**3 - 9*j**2 - 5*j + 1. Let x(y) = -5*i(y) - 2*l(y). Give x(a).
-3
Let r(m) = 41*m - 118. Let x be r(3). Let k(q) = -2 + 0*q - 4*q + q. Determine k(x).
-17
Let m(j) = -2*j - 4. Suppose 0 = -2*v + 3*i + 7, -4*i = v - 4 - 5. What is m(v)?
-14
Let q(t) be the third derivative of -t**5/30 + t**4/8 + 4*t**3/3 + 8*t**2 + 11*t. What is q(4)?
-12
Let q(n) = 7*n - 6. Let z(s) = -6*s + 6. Let p(g) = -g - 8. Let v be p(-12). Let x(w) = v*z(w) + 3*q(w). What is x(4)?
-6
Let x(h) = -8*h**2 + 4*h. Let m(y) = y**2 - 3*y. Let n(q) = -q**2 + 7*q. Let i(t) = 5*m(t) + 2*n(t). Let z(b) = -11*i(b) - 4*x(b). Give z(-4).
4
Let w(z) = -z**3 + 4*z**2 - 2*z + 2. Suppose -2*o = r + o - 5, 0 = -2*o + 2. Let t(u) = -23*u + 11*u - u**2 - r - 7. Let v be t(-11). What is w(v)?
6
Let z(k) = k**3 - 8*k**2 - 10*k + 13. Let n be (-4)/10 + 3243/345. What is z(n)?
4
Suppose -7*o + 1049 = 1049. Let i(b) = 2*b - 2. What is i(o)?
-2
Suppose 5*l + 2*v = 0, -21 = -l - 3*v - 8. Let a = 1 + l. Let k(q) = -3*q**2 + 3*q - 5. Let y(u) = -2*u**2 + 2*u - 3. Let i(m) = 5*k(m) - 8*y(m). Give i(a).
1
Let i(x) = x + 1. Let r(g) be the third derivative of -g**6/120 - 7*g**5/60 - 13*g**4/24 - 5*g**3/6 - 17*g**2. Let w(c) = -5*i(c) - r(c). Determine w(-6).
-12
Let l(m) = 2*m**3 + 2*m**2 - 2*m - 4. Let b be l(-1). Let n(o) = o**3 + o**2 - 3*o - 2. Determine n(b).
0
Suppose -2 = b, -6*n + 5*n - 2*b + 5 = 0. Let p(u) = -u**3 + n + 11*u**2 - 5*u**2 - 6*u**2 + 13*u**2. Give p(13).
9
Let a(i) be the first derivative of i**3/3 + 8*i**2 - 6*i - 69. Determine a(-16).
-6
Let r(m) = -m - 5. Let a(h) = -38*h - 16. Let p(k) = a(k) - 3*r(k). Calculate p(1).
-36
Let z(h) be the first derivative of h**4/4 + 8*h**3/3 + 5*h**2/2 + 10*h - 213. Calculate z(-7).
24
Let d(o) be the third derivative of -1/30*o**5 + 0*o**3 + 0*o + 0 + 0*o**4 - 29*o**2. Determine d(2).
-8
Let q(g) = g**2 - 31*g + 67. Let w be q(29). Let l(n) = 5*n - 40. Calculate l(w).
5
Let u(f) = 0 - 2 - 5*f**2 - f - 221*f**3 + 0 + 220*f**3. Give u(-5).
3
Let p be (1 + -2)/(-4)*12. Let q = -4 + 6. Let v(d) = 1 - 2*d**2 + 2*d - 4*d - p*d**q + 6*d**2. Calculate v(2).
1
Let k(l) = -4*l - 3. Let u = 8 - 3. Suppose u*w + 2 = -8. What is k(w)?
5
Let q(d) = -3*d - 2. Let r(u) = -2*u - 2. Let p(g) = q(g) + r(g). Calculate p(1).
-9
Let m be (-3)/(-2) + 6/(-12). Let r(q) be the third derivative of -q**5/12 + q**4/24 + 52*q**2. Determine r(m).
-4
Let m(d) = 5*d - 1. Let g(u) be the first derivative of 9*u**2/2 - 3*u + 1. Let q(z) = -4*g(z) + 7*m(z). Let t be (-1)/((15/12)/(-5)). Calculate q(t).
1
Let p(x) = -x**2 - 8*x + 2*x - 967 + 970. Determine p(-5).
8
Let w be ((-6)/4*580/15)/(-2). Let c(k) = -w*k**2 + 69*k**2 - 37*k**2 + 1. What is c(1)?
4
Let h = 512 + -519. Let g(q) = -q - 18. Calculate g(h).
-11
Let v(q) = q**2 + 4*q + 5. Let m be v(-4). Suppose -2*a - 2*a - 7 = m*z, -4*z = 4*a + 8. Let h(w) = 12*w. Determine h(z).
12
Let k be 0*((-1)/2 + 0). Suppose 0 + 4 = w. Let a = w - k. Let s(q) = -q**2 + 4*q + 2. Calculate s(a).
2
Let o(b) = -b**3 - 7*b**2 - 6*b + 26. Let f be o(-5). Let j(g) = -g**3 + 6*g**2 + 6*g - 5. Give j(f).
31
Let k = 24 + -3. Suppose -3*l = -3*a + 9, -2*l + k = 3*a + l. Suppose 5*h + 0*h = -a. Let f(o) = -2*o**2 + o + 1. Determine f(h).
-2
Let w(b) = -b - 5. Let h(q) = 2*q - 10. Let x be h(5). Suppose -5*p = 0, 2*u + x*u - 10 = -4*p. Let c = -8 + u. Calculate w(c).
-2
Let g(x) be the first derivative of x**4/4 - 11*x**3/3 - 6*x**2 + 16*x + 269. Calculate g(12).
16
Suppose 3*u - 15 = -48*a + 44*a, 4*a = -2*u + 14. Let t(j) = -49*j - 1. Determine t(u).
-50
Let a(w) = 11*w - 15. Let p be a(-6). Let i = p - -75. Let c(v) = v**3 + 6*v**2 + 4. What is c(i)?
4
Let w(j) = 4*j + 7. Suppose 60*s - 392 + 152 = 0. Calculate w(s).
23
Let h = 352 + -355. Let a(s) = s**3 + 5*s**2 + 5*s + 4. What is a(h)?
7
Let a(f) = f**2 + 22*f + 37. Let o be a(-20). Let v(x) = -x**3 - 5*x**2 - x + 1. Let b(g) = -g**3 - 5*g**2 - g + 1. Let y(w) = -6*b(w) + 5*v(w). What is y(o)?
14
Let p(k) = -7*k - 153 + 9*k + 157. Let o be (1/1)/((-1)/(-7)). Determine p(o).
18
Suppose -9*t = -17*t - 16. Let o(n) be the first derivative of n**4 + 2*n**3/3 + 2*n + 4. Determine o(t).
-22
Let z(d) be the second derivative of -d**4/12 + 17*d**3/6 - 10*d**2 - d - 61. Give z(16).
-4
Let l(p) = p**2 - 20*p + 3. Let h be l(20). Let x(y) = -3*y**2 + 5*y + 1. Let z(o) = -o**2 + 2*o. Let w(c) = -2*x(c) + 5*z(c). Give w(h).
7
Let i(h) = h - 7. Suppose m = -12 + 16. Let n be 10*(-13)/(-130)*2*m. Give i(n).
1
Suppose 4*d - 5 = 3. Let y(k) = 0 + 2 - 1 - 1954*k + 1946*k. Calculate y(d).
-15
Let k(d) = 0 + 3*d**2 - 4 - 4*d**3 - 3*d + 5*d**3. Let b be 1*((-35)/15 + 8/(-12)). Calculate k(b).
5
Let i(b) = 2*b. Let a(r) = -11*r + 3. Let x(l) = -a(l) - 6*i(l). Give x(-3).
0
Let i(x) be the third derivative of 0*x + 1/6*x**4 - 1/60*x**5 + 2 + x**2 - 1/3*x**3. Let n = -4 - -6. Determine i(n).
2
Let v(p) be the first derivative of 19*p**4/4 + p**2/2 + 453. Determine v(-1).
-20
Suppose 7*r - 4*r - 39 = 0. Let z(x) = -r + 2*x**2 + 7 + 5 - 5*x + 0*x. Suppose j + 2*c - 14 = 0, -5*j = 4*c - 20 - 20. Calculate z(j).
11
Let j(o) = -o**2 + 11*o - 19. Let d be j(9). Let c(y) = -15*y + 2. Determine c(d).
17
Suppose -2*v = -2*j - 2, 2*j + 2*j + v - 1 = 0. Let p(l) = 8*l + 60. Let a(d) = -11*d - 84. Let k(u) = -5*a(u) - 7*p(u). What is k(j)?
0
Let b(f) = 3*f**2 - 6*f + 7. Let p(r) = 4*r**2 - 8*r + 10. Let o(n) = -7*b(n) + 5*p(n). What is o(3)?
-2
Let m(u) be the third derivative of -u**6/120 - u**5/15 + u**4/6 - 2*u**3/3 + 41*u**2. Let b be -3 + 5/(-2) - (-2)/4. Determine m(b).
1
Let j(q) = -5*q**3 - 6*q**2 - 18*q + 11. Let b(u) = -4*u**3 - 6*u**2 - 16*u + 10. Let l(p) = 6*b(p) - 5*j(p). Determine l(5).
-50
Let j(o) = -o**3 - o**2 - o - 2. Suppose -2*r = 7*r + r. Give j(r).
-2
Let r(m) = -m**3 - 3*m**2 + 3*m + 4. Suppose 31*b - 29*b - 5 = -h, -3*b + 3*h = -3. Let k(p) = 7 + 0 - 3*p - 2*p. Let s be k(b). Give r(s).
-5
Let x(o) = o**3 + 2*o**2 + 1. Suppose 5*k - n = -299, -2*n + 303 = -2*k - 3*k. Let q = 56 + k. Give x(q).
-8
Let d(h) = h**3 + h**2 + h + 3. Let v(t) = -13*t**2 + 12*t - 4. Let p be v(3). Let z = -85 - p. Give d(z).
3
Let v be 77/49 + (2 - (-11)/(-7)). Let t(k) = -44 - 3*k - k - k**v + 42. Let b be 10/(-4) - (-7)/(-14). What is t(b)?
1
Let n(d) be the second derivative of -19*d + 2*d**2 - 1/4*d**4 + 5/6*d**3 + 0 - 1/20*d**5. Give n(-4).
0
Suppose -m - 5 = 4*p + p, m = -3*p - 5. Let i(g) be the first derivative of 3/2*g**2 + 2 + p*g. Give i(3).
9
Let q(u) = 2*u + 5. Let i(f) = 2*f + 5. Let n(c) = 5*c**3 + c**2 - c. Let d be n(1). Let x(t) = d*i(t) - 6*q(t). Determine x(-6).
7
Suppose -2*y + 0*y = -62. Suppose -2*r + 4*n = 7 - y, 38 = 4*r - 3*n. Let m(a) = 4*a + a + 0*a + r - 4*a. Determine m(-6).
2
Let h(o) = 0 + 2 + 0 - 7 + 6*o - 3*o. Calculate h(6).
13
Let v = -73 + 79. Let t(y) = -3*y**3 - 3 + v*y - 7*y**3 - 10*y - 2*y**2 + 9*y**3. Give t(-2).
5
Let c(o) = o**3 - 7*o**2 + 5*o + 6. Let d = -33 - -33. Suppose 9*l - 74 + 20 = d. Calculate c(l).
0
Let k be (-150)/40 - 1/(-4)*-1. Let y(h) = h**2 + 1. Let a(o) = 7*o**2 + 4*o + 6. Let f(j) = k*y(j) + a(j). Suppose -1 = -s - 3. Determine f(s).
6
Let s = -9 + 12. Suppose 41 = s*i - 184. Let l(h) = -77*h**2 + 0 + 3 + h + i*h**2 - h**3. What is l(-3)?
9
Let b(l) = 4*l**2 - 2*l - 2. Let m = -14 + 13. Let x be b(m). Let g(j) = -j**3 + 5*j**2 - 5*j + 3. What is g(x)?
-1
Let o = 18 - 32. Let b = -13 - o. Let c(g) = -5*g**2 - 1. Determ